 the remainder when 8250 is divided by 214.
118
What is the remainder when 1544805 is divided by 6181?
5736
Calculate the remainder when 34377 is divided by 539.
420
Calculate the remainder when 335937 is divided by 4797.
147
Calculate the remainder when 1496096 is divided by 641.
2
Calculate the remainder when 1102114 is divided by 47918.
0
What is the remainder when 1634239 is divided by 724?
171
What is the remainder when 674542 is divided by 1070?
442
What is the remainder when 117690 is divided by 24?
18
Calculate the remainder when 137556368 is divided by 148.
136
What is the remainder when 7505096 is divided by 32?
8
What is the remainder when 109756918 is divided by 1932?
1930
What is the remainder when 7065982 is divided by 1278?
1198
Calculate the remainder when 7447353 is divided by 274.
33
Calculate the remainder when 85244 is divided by 11490.
4814
Calculate the remainder when 278901 is divided by 3985.
3936
Calculate the remainder when 39737869 is divided by 2520.
2509
What is the remainder when 97105 is divided by 11412?
5809
What is the remainder when 18329186 is divided by 199?
92
What is the remainder when 114037543 is divided by 73?
9
Calculate the remainder when 601253 is divided by 200415.
8
What is the remainder when 791769 is divided by 551?
533
Calculate the remainder when 48191 is divided by 831.
824
Calculate the remainder when 645754 is divided by 1380.
1294
What is the remainder when 26440119 is divided by 52?
43
Calculate the remainder when 653535 is divided by 1331.
14
What is the remainder when 10291963 is divided by 82?
61
What is the remainder when 761118 is divided by 253704?
6
Calculate the remainder when 4587333 is divided by 261.
258
Calculate the remainder when 30543757 is divided by 24792.
13
Calculate the remainder when 16857594 is divided by 2107199.
2
Calculate the remainder when 405301009 is divided by 50662626.
1
Calculate the remainder when 31552 is divided by 152.
88
Calculate the remainder when 6228506 is divided by 472.
466
What is the remainder when 132622 is divided by 26504?
102
What is the remainder when 4264132 is divided by 722?
0
What is the remainder when 186237 is divided by 1455?
1452
What is the remainder when 4680110 is divided by 4679890?
220
Calculate the remainder when 185949 is divided by 1805.
34
Calculate the remainder when 3466130 is divided by 433240.
210
Calculate the remainder when 143079721 is divided by 254.
251
Calculate the remainder when 35830984 is divided by 629.
628
Calculate the remainder when 189907 is divided by 510.
187
Calculate the remainder when 1958056 is divided by 147.
16
Calculate the remainder when 26278919 is divided by 85599.
26
Calculate the remainder when 45631 is divided by 14162.
3145
What is the remainder when 217575 is divided by 94?
59
Calculate the remainder when 2452053 is divided by 120.
93
Calculate the remainder when 1007751908 is divided by 4631.
4629
Calculate the remainder when 879461 is divided by 256.
101
Calculate the remainder when 4476593 is divided by 223829.
13
What is the remainder when 91937 is divided by 75?
62
What is the remainder when 92515 is divided by 15345?
445
What is the remainder when 3616070 is divided by 26588?
102
What is the remainder when 59602 is divided by 2172?
958
Calculate the remainder when 3114310 is divided by 3114148.
162
Calculate the remainder when 5728241 is divided by 64.
49
Calculate the remainder when 775907 is divided by 47.
31
Calculate the remainder when 344741 is divided by 510.
491
Calculate the remainder when 1565981 is divided by 10235.
26
What is the remainder when 7588270 is divided by 3794133?
4
Calculate the remainder when 9238431 is divided by 2503.
2361
Calculate the remainder when 2063820 is divided by 761.
749
Calculate the remainder when 344724 is divided by 86114.
268
What is the remainder when 81590 is divided by 81428?
162
Calculate the remainder when 3172384 is divided by 158619.
4
Calculate the remainder when 16527192 is divided by 550906.
12
What is the remainder when 56958814 is divided by 30?
4
Calculate the remainder when 34535 is divided by 4867.
466
Calculate the remainder when 3603436 is divided by 720684.
16
Calculate the remainder when 40192362 is divided by 16.
10
What is the remainder when 24425663 is divided by 2037?
2033
What is the remainder when 1679607 is divided by 559862?
21
Calculate the remainder when 785957 is divided by 1483.
1450
What is the remainder when 7181692 is divided by 141?
139
Calculate the remainder when 4923510 is divided by 1641163.
21
What is the remainder when 14598872 is divided by 59?
30
What is the remainder when 19102489 is divided by 55?
54
What is the remainder when 55193359 is divided by 919889?
19
What is the remainder when 14320371 is divided by 164601?
84
Calculate the remainder when 1379970 is divided by 265.
115
What is the remainder when 103135 is divided by 4284?
319
What is the remainder when 7658758 is divided by 15?
13
What is the remainder when 237394 is divided by 68?
6
What is the remainder when 96712 is divided by 11975?
912
Calculate the remainder when 111145031 is divided by 4459.
4456
Calculate the remainder when 13051 is divided by 54.
37
Calculate the remainder when 16583030 is divided by 5527673.
11
Calculate the remainder when 1749017 is divided by 349519.
1422
Calculate the remainder when 12935974 is divided by 1077997.
10
Calculate the remainder when 46970745 is divided by 4260.
4245
What is the remainder when 259662 is divided by 1174?
208
Calculate the remainder when 2364137 is divided by 181.
96
Calculate the remainder when 767541 is divided by 255832.
45
Calculate the remainder when 185005 is divided by 2281.
244
Calculate the remainder when 297850 is divided by 853.
153
Calculate the remainder when 56539015 is divided by 251.
10
Calculate the remainder when 22570757 is divided by 22570752.
5
What is the remainder when 54767 is divided by 17926?
989
What is the remainder when 22351995 is divided by 1612?
3
Calculate the remainder when 12818 is divided by 4200.
218
What is the remainder when 1340938 is divided by 645?
628
Calculate the remainder when 45349 is divided by 6823.
4411
What is the remainder when 707777279 is divided by 256?
255
What is the remainder when 1612815864 is divided by 1053?
1050
What is the remainder when 41790555 is divided by 1979?
12
Calculate the remainder when 244805 is divided by 243717.
1088
Calculate the remainder when 309240 is divided by 1711.
1260
What is the remainder when 1198399 is divided by 199720?
79
What is the remainder when 772986 is divided by 25765?
36
What is the remainder when 443576 is divided by 553?
70
What is the remainder when 325130509 is divided by 681?
679
What is the remainder when 10553464 is divided by 583?
581
Calculate the remainder when 10115 is divided by 322.
133
Calculate the remainder when 130163 is divided by 73.
4
Calculate the remainder when 15898042 is divided by 43.
39
Calculate the remainder when 11323 is divided by 111.
1
What is the remainder when 5754168 is divided by 639349?
27
What is the remainder when 29059009 is divided by 25?
9
Calculate the remainder when 1568636 is divided by 230.
36
Calculate the remainder when 52376697 is divided by 3990.
3957
What is the remainder when 244814 is divided by 623?
598
Calculate the remainder when 8898412 is divided by 4305.
4282
What is the remainder when 622690 is divided by 20756?
10
Calculate the remainder when 3287478 is divided by 590.
588
What is the remainder when 147970 is divided by 340?
70
What is the remainder when 11002595 is divided by 100?
95
What is the remainder when 21978268 is divided by 142716?
4
Calculate the remainder when 13721017 is divided by 1016.
953
Calculate the remainder when 4336944 is divided by 123912.
24
What is the remainder when 42476843 is divided by 899?
891
What is the remainder when 87387 is divided by 605?
267
Calculate the remainder when 3898537 is divided by 974529.
421
Calculate the remainder when 25688 is divided by 2282.
586
Calculate the remainder when 839816 is divided by 17553.
14825
Calculate the remainder when 23365 is divided by 11124.
1117
What is the remainder when 48393357 is divided by 817?
813
What is the remainder when 188455 is divid